 base 11, what is 0 + 1209?
1209
In base 15, what is -4 + 92?
8d
In base 8, what is 1066 + -5?
1061
In base 12, what is 149 - -3?
150
In base 8, what is 3 - -275?
300
In base 4, what is 10 + -1012310?
-1012300
In base 14, what is 6 - -b87?
b8d
In base 7, what is -5 - -445?
440
In base 15, what is -4c - 4e?
-9b
In base 4, what is 0 - -331?
331
In base 5, what is 113 + 323?
441
In base 12, what is -3 - -5?
2
In base 11, what is 89 - 0?
89
In base 6, what is -13555 + 10?
-13545
In base 2, what is 111111 + -1101?
110010
In base 16, what is 10 - -34?
44
In base 9, what is -7 + -717?
-725
In base 3, what is 201002 - 1100?
122202
In base 15, what is -d7 + -25?
-10c
In base 16, what is -4 + -3a0?
-3a4
In base 13, what is 0 - 85?
-85
In base 11, what is 258a - 4?
2586
In base 3, what is -2 - -2121?
2112
In base 13, what is -621 + 1?
-620
In base 14, what is 4 + -c?
-8
In base 3, what is -112 - 10221101?
-10221220
In base 6, what is -3 - -2?
-1
In base 11, what is -3a9 + -2?
-400
In base 6, what is -153 - -3?
-150
In base 12, what is -26 + -4?
-2a
In base 15, what is 6 - 3d?
-37
In base 10, what is 1 + -4025?
-4024
In base 5, what is -1022 - -21?
-1001
In base 10, what is -2 + 212?
210
In base 14, what is 6 - 13?
-b
In base 12, what is -2 - -12?
10
In base 3, what is -11 - -211010?
210222
In base 9, what is 2167 - 0?
2167
In base 9, what is 330 + 4?
334
In base 16, what is 3c + -1d?
1f
In base 6, what is -4 - -10222?
10214
In base 10, what is -3 - 1626?
-1629
In base 13, what is -6c84 - -4?
-6c80
In base 6, what is -20 + 4?
-12
In base 5, what is -3 - 113?
-121
In base 13, what is 2 + -15a3?
-15a1
In base 14, what is 2c - -164?
192
In base 10, what is -4 - 25?
-29
In base 5, what is 134 - 2?
132
In base 10, what is -3 - -52?
49
In base 8, what is 1 - -1536?
1537
In base 7, what is 4 - 203?
-166
In base 12, what is 5 + -18a8?
-18a3
In base 14, what is 8a + 1b?
a7
In base 3, what is 21011 - 11?
21000
In base 15, what is -e + -18?
-27
In base 2, what is -11 + 111111010?
111110111
In base 3, what is -2 + -222?
-1001
In base 14, what is 196 + -5?
191
In base 12, what is 3 + -2?
1
In base 13, what is -12b + 5?
-126
In base 13, what is -2b + 42?
14
In base 16, what is -1 + -13?
-14
In base 7, what is 4 + -600?
-563
In base 5, what is -3 - 343?
-401
In base 9, what is -3 + -1003?
-1006
In base 3, what is -10111022 - 10?
-10111102
In base 14, what is 9c - 9a?
2
In base 15, what is 413 - -3?
416
In base 2, what is -101 + 101100?
100111
In base 15, what is -35 - 2e?
-64
In base 8, what is -6 + -16?
-24
In base 7, what is 2 + 355?
360
In base 16, what is 9f - -3?
a2
In base 2, what is -100011 + 1011111?
111100
In base 14, what is -1 - 61?
-62
In base 13, what is b + -5?
6
In base 12, what is -110 - 26?
-136
In base 9, what is -7 - -287?
280
In base 6, what is 4 - -453?
501
In base 13, what is 4 + 0?
4
In base 6, what is 5 + -14504?
-14455
In base 16, what is -9b - 9?
-a4
In base 4, what is -11 - -12022?
12011
In base 14, what is -72 - -2?
-70
In base 14, what is -41 + 1?
-40
In base 6, what is 502 - 155?
303
In base 2, what is -1010110000 - 10100?
-1011000100
In base 10, what is -186 + 4?
-182
In base 11, what is 9 + -835?
-827
In base 12, what is 22 - 26?
-4
In base 6, what is -523 + 4?
-515
In base 11, what is 5 - -5?
a
In base 15, what is -a09 - -4?
-a05
In base 9, what is -1 - -1045?
1044
In base 2, what is 110000110100000 - -10?
110000110100010
In base 3, what is 2 + 2?
11
In base 2, what is 10 - 100101100111?
-100101100101
In base 6, what is 34044 + -1?
34043
In base 10, what is 1 - 541?
-540
In base 9, what is -43 - 4?
-47
In base 12, what is -60 + -1?
-61
In base 8, what is -6 + 454?
446
In base 16, what is -3 + 11?
e
In base 10, what is 10 - -1476?
1486
In base 12, what is 116 - 3?
113
In base 3, what is 1000001 + -10?
222221
In base 4, what is 322202 + 3?
322211
In base 8, what is 171 - -14?
205
In base 10, what is 41 - 21?
20
In base 6, what is -50 - -15?
-31
In base 12, what is 11a - 65?
75
In base 10, what is -5 - 41?
-46
In base 8, what is 20 + -30?
-10
In base 6, what is 3 - -44?
51
In base 16, what is -12f - 3?
-132
In base 4, what is 1 - 211?
-210
In base 13, what is 24 + -1bb?
-197
In base 11, what is 309 + -2?
307
In base 5, what is -220 + 2?
-213
In base 4, what is 22 + 1120?
1202
In base 8, what is 153 + 33?
206
In base 3, what is 20010 - -100?
20110
In base 3, what is 2 - -2?
11
In base 16, what is 487 - 0?
487
In base 14, what is -4 + 2?
-2
In base 2, what is 100000 - 10001110?
-1101110
In base 15, what is 16 - 4?
12
In base 15, what is -1d3 - 1?
-1d4
In base 3, what is 10 - -210?
220
In base 12, what is b13 + 2?
b15
In base 8, what is -7273 - 4?
-7277
In base 5, what is -10033 - 3?
-10041
In base 6, what is 5 - -3325?
3334
In base 15, what is 4 - 673?
-66e
In base 10, what is 11 - -510?
521
In base 12, what is -2 - -2b2a?
2b28
In base 16, what is 8 - 1e?
-16
In base 5, what is -4 + 14?
10
In base 3, what is 100100102 + -11?
100100021
In base 4, what is 1 + 1103?
1110
In base 4, what is 201 - -3?
210
In base 12, what is 3 + 143?
146
In base 15, what is 24 - 3?
21
In base 16, what is 2 + -1b6?
-1b4
In base 3, what is 2 + -2011?
-2002
In base 6, what is -442 - 4?
-450
In base 12, what is -514 + -4?
-518
In base 4, what is -232201 + 11?
-232130
In base 4, what is -2 - -132?
130
In base 16, what is 3 + 56?
59
In base 10, what is 0 + 15?
15
In base 9, what is 4 - -18?
23
In base 10, what is -49 - -27?
-22
In base 4, what is 31 - 203?
-112
In base 2, what is -11001 + -111111?
-1011000
In base 7, what is 120 - 10?
110
In base 16, what is -39 + 10?
-29
In base 10, what is 30 + 59?
89
In base 7, what is -506 - -2?
-504
In base 6, what is -331210 - 2?
-331212
In base 5, what is 12 - -13323?
13340
In base 5, what is -2 - -442?
440
In base 8, what is -55 - 12?
-67
In base 7, what is -12244 + 2?
-12242
In base 12, what is 12a + 4?
132
In base 3, what is 102002 + 11?
102020
In base 6, what is -151 + 3?
-144
In base 15, what is 5 + -30?
-2a
In base 6, what is -2 + 12045?
12043
In base 3, what is -2 + -122011?
-122020
In base 7, what is 620 + 2?
622
In base 4, what is 22313 - 3?
22310
In base 15, what is 396 - -2?
398
In base 9, what is 5885 - -4?
6000
In base 8, what is 706 - -15?
723
In base 9, what is 272 + 27?
310
In base 2, what is 10011001 + -10?
10010111
In base 8, what is -125 - 40?
-165
In base 10, what is -528 - -11?
-517
In base 4, what is -31 - 2010?
-2101
In base 15, what is -150d9 - -5?
-150d4
In base 3, what is 12 - 20200121?
-20200102
In base 4, what is -102 + 111?
3
In base 2, what is -100 + -1110100?
-1111000
In base 10, what is -2 - -423?
421
In base 2, what is -10111111101 - -100?
-10111111001
In base 14, what is 4b - 4?
47
In base 9, what is -4 - -6?
2
In base 8, what is 5 + -5451?
-5444
In base 3, what is -12 + 10001002?
10000220
In base 8, what is 3 + 5133?
5136
In base 4, what is 2 - -313?
321
In base 3, what is 22020 + 10?
22100
In base 5, what is -11 - -34332?
34321
In base 5, what is 110 + -3?
102
In base 6, what is -15 - 3055?
-3114
In base 13, what is -742 - 5?
-747
In base 16, what is -1 + -62?
-63
In base 4, what is 11 - -1000032?
1000103
In base 12, what is -6 + 1?
-5
In base 9, what is -1 - 16?
-17
In base 2, what is 10101 + -100?
10001
In base 15, what is 6e0 + 2?
6e2
In base 15, what is -22 + 1?
-21
In base 16, what is 2a9 - -4?
2ad
In base 14, what is 2236 + 1?
2237
In base 2, what is 11 - 1000101?
-1000010
In base 4, what is -1300 - -2133?
233
In base 10, what is 353 + 5?
358
In base 13, what is 1 + -746?
-745
In base 11, what is 40 + -3?
38
In base 9, what is 3102 + -1?
3101
In base 14, what is -6a8 + 2?
-6a6
In base 7, what is 34 + -2256?
-2222
In base 5, what is -1410 - -34?
-1321
In base 6, what is 3 - 15?
-12
In base 7, what is 23421 - -2?
23423
In base 6, what is -22205 - 5?
-22214
In base 12, what is -23 - -21?
-2
In base 9, what is 62 - -3?
65
In base 5, what is 2123303 + 0?
2123303
In base 16, what is -15 - 23?
-38
In base 6, what is -3 + -4314?
-4321
In base 8, what is 123 + 533?
656
In base 6, what is 4 - -151?
155
In base 7, what is -13366 + -2?
-13401
In base 3, what is -1122211 + 12?
-1122122
In base 3, what is -10222 + -10?
-11002
In base 14, what is -8 - 42?
-4a
In base 15, what is 7 + -5e?
-57
In bas